{"id":3,"date":"2020-07-08T19:18:59","date_gmt":"2020-07-08T19:18:59","guid":{"rendered":"http:\/\/rehavitur.es\/?page_id=3"},"modified":"2021-03-02T21:52:56","modified_gmt":"2021-03-02T21:52:56","slug":"privacy-policy","status":"publish","type":"page","link":"http:\/\/rehavitur.es\/index.php\/privacy-policy\/","title":{"rendered":"POL\u00cdTICA DE PRIVACIDAD"},"content":{"rendered":"\n<p>La confidencialidad y la seguridad son valores primordiales de <strong>REHAVITUR<\/strong> y, en consecuencia, asumimos el compromiso de garantizar la privacidad del Usuario en todo momento y de no recabar informaci\u00f3n innecesaria. A continuaci\u00f3n, le proporcionamos toda la informaci\u00f3n necesaria sobre nuestra Pol\u00edtica de Privacidad en relaci\u00f3n con los datos personales que recabamos, explic\u00e1ndole:<\/p>\n\n\n\n<ul><li>Qui\u00e9n es el responsable del tratamiento de sus datos.<\/li><li>Para qu\u00e9 finalidades recabamos los datos que le solicitamos.<\/li><li>Cu\u00e1l es la legitimaci\u00f3n para su tratamiento.<\/li><li>Durante cu\u00e1nto tiempo los conservamos.<\/li><li>A qu\u00e9 destinatarios se comunican sus datos.<\/li><li>Cu\u00e1les son sus derechos.<\/li><\/ul>\n\n\n\n<p><\/p>\n\n\n\n<ol><li><strong>Responsable<\/strong>:<\/li><\/ol>\n\n\n\n<p>Raz\u00f3n Social: <strong>JOSE JUAN&nbsp; PATERNA LAMA (REHAVITUR)<\/strong> (en adelante, la \u201cEmpresa\u201d o el \u201cResponsable\u201d).<br>CIF: 44757428A<br>Domicilio: C\/ COVADONGA, 1 de 03610 &#8211; PETRER, de ALICANTE<br>Tel\u00e9fono: 643395548<br>Email para comunicaciones en materia de Protecci\u00f3n de datos: <a href=\"mailto:info@rehavitur.es\">info@rehavitur.es<\/a><\/p>\n\n\n\n<p>P\u00e1gina web: www.rehavitur.es<\/p>\n\n\n\n<ul><li><strong>Finalidades, legitimaci\u00f3n y conservaci\u00f3n de los tratamientos de los datos enviados a trav\u00e9s de<\/strong>:<\/li><li>ENV\u00cdO DE CORREOS ELECTR\u00d3NICOS.<\/li><\/ul>\n\n\n\n<p>2. <strong>Finalidad:<\/strong> Contestar a sus solicitudes de informaci\u00f3n, atender sus peticiones y responder sus consultas o dudas.\u00a0\u00a0<\/p>\n\n\n\n<p><strong>Legitimaci\u00f3n:<\/strong> El consentimiento del usuario al solicitarnos informaci\u00f3n a trav\u00e9s de la direcci\u00f3n de correo electr\u00f3nico.<\/p>\n\n\n\n<p><strong>Conservaci\u00f3n:<\/strong> Hasta una vez contestada su petici\u00f3n por correo electr\u00f3nico, si no ha generado un nuevo tratamiento.<\/p>\n\n\n\n<ul><li>FORMULARIO DE CONTACTO.<\/li><\/ul>\n\n\n\n<p><strong>Finalidad:<\/strong> Facilitarle un medio para que pueda ponerse en contacto con nosotros y contestar a sus solicitudes de informaci\u00f3n, as\u00ed como enviarle comunicaciones de nuestros productos, servicios y ofertas, inclusive por medios electr\u00f3nicos, si marca la casilla de aceptaci\u00f3n.<\/p>\n\n\n\n<p><strong>Legitimaci\u00f3n:<\/strong> El consentimiento del usuario al solicitarnos informaci\u00f3n a trav\u00e9s de nuestro formulario de contactos y al marcar la casilla de aceptaci\u00f3n de env\u00edo de informaci\u00f3n.<\/p>\n\n\n\n<p><strong>Conservaci\u00f3n:<\/strong> Hasta una vez resulta su solicitud por medio de nuestro formulario o contestada por correo electr\u00f3nico, si no ha generado un nuevo tratamiento. En caso de haber aceptado recibir env\u00edos comerciales, hasta que solicite la baja de los mismos.<\/p>\n\n\n\n<p>3. <strong>Destinatarios de sus datos<\/strong><\/p>\n\n\n\n<p>Sus datos son confidenciales y no se ceder\u00e1n a terceros, salvo que exista obligaci\u00f3n legal.<\/p>\n\n\n\n<p>Los datos personales que se publiquen en el blog de la p\u00e1gina web ser\u00e1n p\u00fablicos para el resto de los usuarios.<\/p>\n\n\n\n<p>4. <strong>Derechos en relaci\u00f3n con sus datos personales<\/strong><\/p>\n\n\n\n<p>Cualquier persona puede retirar su consentimiento en cualquier momento, cuando el mismo se haya otorgado para el tratamiento de sus datos. En ning\u00fan caso, la retirada de este consentimiento condiciona la ejecuci\u00f3n del contrato de suscripci\u00f3n o las relaciones generadas con anterioridad.<\/p>\n\n\n\n<p>Igualmente, puede ejercer los siguientes derechos:<\/p>\n\n\n\n<p>D\u00f3nde y c\u00f3mo solicitar sus Derechos: Mediante un escrito dirigido al responsable a su direcci\u00f3n postal o electr\u00f3nica (indicadas en el apartado A), indicando la referencia \u201cDatos Personales\u201d, especificando el derecho que se quiere ejercer y respecto a qu\u00e9 datos personales.<\/p>\n\n\n\n<p>En caso de divergencias con la empresa en relaci\u00f3n con el tratamiento de sus datos, puede presentar una reclamaci\u00f3n ante la Autoridad de Protecci\u00f3n de Datos (<a href=\"http:\/\/www.agpd.es\/\">www.agpd.es<\/a>).<\/p>\n\n\n\n<p>5. <strong>Cookies<\/strong><\/p>\n\n\n\n<p>Ver Pol\u00edtica de Cookies<\/p>\n\n\n\n<p>6. <strong>Seguridad de sus datos personales<\/strong><\/p>\n\n\n\n<p>Con el objetivo de salvaguardar la seguridad de sus datos personales, le informamos que hemos adoptado todas las medidas de \u00edndole t\u00e9cnica y organizativa necesarias para garantizar la seguridad de los datos personales suministrados de su alteraci\u00f3n, p\u00e9rdida, y tratamientos o accesos no autorizados.<\/p>\n\n\n\n<p>7. <strong>Actualizaci\u00f3n de sus datos<\/strong><\/p>\n\n\n\n<p>Es importante que para que podamos mantener sus datos personales actualizados, nos informe siempre que haya habido alguna modificaci\u00f3n en ellos, en caso contrario, no respondemos de la veracidad de los mismos.<\/p>\n\n\n\n<p>No nos hacemos responsables de la pol\u00edtica de privacidad respecto a los datos personales que pueda facilitar a terceros por medio de los enlaces disponibles en nuestra p\u00e1gina web.<\/p>\n\n\n\n<p>La presente Pol\u00edtica de Privacidad puede ser modificada para adaptarlas a los cambios que se produzca en nuestra web, as\u00ed como modificaciones legislativas o jurisprudenciales sobre datos personales que vayan apareciendo, por lo que exige su lectura, cada vez que nos facilite sus datos a trav\u00e9s de esta Web.<\/p>\n\n\n\n<h2><\/h2>\n\n\n\n<p> <\/p>\n\n\n\n<p><\/p>\n\n\n\n<p><\/p>\n","protected":false},"excerpt":{"rendered":"<p>La confidencialidad y la seguridad son valores primordiales de REHAVITUR y, en consecuencia, asumimos el compromiso de garantizar la privacidad &hellip; <\/p>\n","protected":false},"author":1,"featured_media":0,"parent":0,"menu_order":0,"comment_status":"closed","ping_status":"open","template":"","meta":[],"_links":{"self":[{"href":"http:\/\/rehavitur.es\/index.php\/wp-json\/wp\/v2\/pages\/3"}],"collection":[{"href":"http:\/\/rehavitur.es\/index.php\/wp-json\/wp\/v2\/pages"}],"about":[{"href":"http:\/\/rehavitur.es\/index.php\/wp-json\/wp\/v2\/types\/page"}],"author":[{"embeddable":true,"href":"http:\/\/rehavitur.es\/index.php\/wp-json\/wp\/v2\/users\/1"}],"replies":[{"embeddable":true,"href":"http:\/\/rehavitur.es\/index.php\/wp-json\/wp\/v2\/comments?post=3"}],"version-history":[{"count":2,"href":"http:\/\/rehavitur.es\/index.php\/wp-json\/wp\/v2\/pages\/3\/revisions"}],"predecessor-version":[{"id":159,"href":"http:\/\/rehavitur.es\/index.php\/wp-json\/wp\/v2\/pages\/3\/revisions\/159"}],"wp:attachment":[{"href":"http:\/\/rehavitur.es\/index.php\/wp-json\/wp\/v2\/media?parent=3"}],"curies":[{"name":"wp","href":"https:\/\/api.w.org\/{rel}","templated":true}]}}